
28
Calculate the greatest common divisor of 2787780 and 36.
12
What is the greatest common divisor of 117 and 51831?
117
Calculate the greatest common divisor of 20988 and 1188.
396
What is the highest common factor of 56673 and 3483?
27
Calculate the highest common factor of 221 and 2079311.
13
What is the highest common factor of 191 and 2772174?
191
What is the highest common factor of 12 and 116804?
4
What is the greatest common divisor of 830 and 436165?
415
What is the greatest common divisor of 464 and 40464?
16
Calculate the greatest common divisor of 705 and 118205.
235
Calculate the greatest common divisor of 44075 and 20.
5
Calculate the greatest common divisor of 504 and 27384.
168
What is the highest common divisor of 2997344 and 32?
32
Calculate the greatest common divisor of 7220 and 17560.
20
What is the highest common divisor of 29933 and 2368?
37
Calculate the greatest common factor of 40893 and 344.
43
Calculate the highest common factor of 27 and 1678212.
27
Calculate the highest common divisor of 713 and 5888.
23
What is the greatest common divisor of 3447 and 47492?
383
What is the highest common factor of 19316 and 748?
44
What is the highest common divisor of 30 and 87915?
15
What is the greatest common divisor of 645 and 21338535?
645
Calculate the highest common factor of 1508 and 8236.
116
What is the greatest common divisor of 1369 and 5143?
37
Calculate the greatest common factor of 243068 and 252.
28
Calculate the highest common factor of 154649 and 33.
11
What is the greatest common divisor of 16944 and 48?
48
What is the highest common factor of 3099 and 33?
3
What is the greatest common divisor of 825 and 715?
55
What is the greatest common factor of 368445 and 1624?
203
Calculate the greatest common divisor of 583120 and 4.
4
What is the highest common factor of 5004525 and 150?
75
Calculate the greatest common factor of 227320 and 16.
8
What is the greatest common divisor of 28 and 908?
4
What is the highest common factor of 3281 and 2?
1
Calculate the greatest common divisor of 1529 and 4763.
11
What is the greatest common divisor of 28 and 37058?
14
What is the highest common divisor of 2934996 and 84?
12
Calculate the highest common factor of 15198 and 4.
2
What is the greatest common divisor of 33332 and 10897?
641
Calculate the highest common factor of 2007 and 79.
1
Calculate the greatest common divisor of 180208 and 392.
56
Calculate the highest common factor of 286 and 7765758.
286
What is the greatest common factor of 79 and 277?
1
Calculate the highest common factor of 4279852 and 17.
17
Calculate the greatest common factor of 463 and 991746.
463
Calculate the highest common factor of 300629 and 134.
67
What is the greatest common divisor of 1705 and 20615?
155
Calculate the highest common divisor of 198638 and 110.
22
Calculate the highest common factor of 1065642 and 1358.
194
Calculate the highest common divisor of 2504 and 39751.
313
Calculate the greatest common divisor of 14794 and 2522.
26
What is the highest common divisor of 1719913 and 169?
169
What is the greatest common divisor of 180120 and 2660?
380
Calculate the greatest common divisor of 222 and 355398.
6
Calculate the highest common factor of 1519 and 7301.
49
What is the greatest common divisor of 1758 and 17777775?
879
Calculate the greatest common factor of 168 and 16716.
84
What is the greatest common factor of 760 and 1180?
20
What is the highest common divisor of 47388 and 108?
12
Calculate the greatest common factor of 5507825 and 1065.
355
What is the highest common divisor of 8512 and 22477?
133
What is the highest common factor of 15158 and 88?
22
What is the greatest common divisor of 3865 and 441383?
773
Calculate the greatest common divisor of 685 and 16.
1
What is the highest common factor of 388389 and 222?
111
What is the highest common factor of 4529 and 838512?
647
What is the highest common factor of 47564 and 5566?
506
Calculate the highest common factor of 348924 and 24.
12
Calculate the highest common divisor of 290949 and 7944.
993
What is the greatest common factor of 949 and 13?
13
What is the highest common factor of 3584574 and 174?
174
Calculate the highest common factor of 534 and 43521.
267
What is the highest common divisor of 91973 and 56?
7
What is the highest common divisor of 6 and 39968?
2
What is the greatest common divisor of 7558272 and 128?
128
What is the greatest common divisor of 2679 and 30894?
57
What is the greatest common divisor of 23875 and 125?
125
Calculate the highest common factor of 10945 and 220.
55
Calculate the greatest common factor of 1573 and 155243.
121
Calculate the greatest common factor of 12 and 18720.
12
What is the greatest common factor of 3565 and 1395?
155
What is the highest common factor of 14456 and 91?
13
What is the greatest common divisor of 92385 and 1440?
45
Calculate the greatest common divisor of 40 and 66280.
40
What is the greatest common divisor of 430 and 36335?
215
Calculate the highest common factor of 472 and 322612.
236
What is the highest common factor of 270478 and 103?
103
What is the greatest common divisor of 1076 and 1512587?
269
Calculate the highest common divisor of 378999 and 153.
9
Calculate the highest common factor of 11776 and 23.
23
What is the highest common factor of 30301 and 59817?
157
What is the highest common divisor of 1535 and 125?
5
What is the greatest common divisor of 395 and 115?
5
Calculate the greatest common factor of 9564 and 24.
12
Calculate the greatest common factor of 3686 and 99716.
194
What is the greatest common divisor of 324 and 1038?
6
What is the highest common divisor of 197784 and 670?
134
What is the highest common factor of 3241 and 164828?
463
What is the highest common factor of 4338 and 6266?
482
What is the greatest common divisor of 154891 and 11?
11
What is the greatest common divisor of 4 and 4376?
4
What is the greatest common divisor of 2271 and 262679?
757
What is the highest common divisor of 32 and 6788?
4
Calculate the greatest common divisor of 2520 and 13671.
63
What is the greatest common factor of 1220464 and 28?
28
Calculate the greatest common divisor of 736 and 24449.
23
Calculate the greatest common divisor of 1552 and 1008024.
776
What is the highest common factor of 7339 and 164?
41
Calculate the highest common factor of 197 and 203107.
197
What is the highest common factor of 1172038 and 7?
7
What is the highest common factor of 915 and 1569774?
183
Calculate the highest common divisor of 215 and 110037.
43
What is the greatest common factor of 1276772 and 42?
14
What is the highest common factor of 530 and 36840?
10
Calculate the highest common divisor of 6 and 772.
2
Calculate the highest common factor of 40 and 47265.
5
Calculate the greatest common divisor of 135 and 348039.
9
What is the greatest common divisor of 4 and 17362?
2
What is the highest common divisor of 4807 and 55936?
437
Calculate the greatest common factor of 147004 and 156.
52
Calculate the greatest common divisor of 21879 and 726869.
2431
What is the highest common factor of 117 and 776529?
117
What is the highest common divisor of 189 and 2683233?
189
What is the greatest common divisor of 286960 and 1088?
272
What is the greatest common factor of 332 and 212812?
332
What is the greatest common factor of 22351 and 50058?
103
Calculate the greatest common factor of 500 and 126300.
100
Calculate the greatest common factor of 98 and 10094.
98
What is the highest common factor of 38006 and 49653?
613
Calculate the greatest common factor of 13 and 3240965.
13
Calculate the highest common divisor of 68 and 14095924.
68
What is the highest common divisor of 21238 and 410774?
518
What is the greatest common factor of 880 and 6800?
80
What is the highest common factor of 872436 and 464?
116
Calculate the highest common divisor of 3 and 83807.
1
What is the highest common factor of 786799 and 261?
29
Calculate the greatest common divisor of 1970 and 10.
10
Calculate the greatest common factor of 18394 and 68.
34
What is the highest common factor of 2 and 18826?
2
Calculate the highest common factor of 899856 and 216.
216
What is the greatest common divisor of 510 and 6720270?
510
Calculate the greatest com